.
3221
What is the greatest common divisor of 2641787 and 267?
89
Calculate the highest common divisor of 1215927151 and 367.
367
What is the highest common factor of 2610840 and 408?
24
What is the greatest common divisor of 48 and 16123524?
12
Calculate the highest common factor of 990 and 115698.
66
What is the greatest common factor of 37620 and 42940?
380
What is the highest common divisor of 448 and 1197322?
14
What is the highest common factor of 143 and 169928616?
143
Calculate the greatest common factor of 5300040 and 10063.
29
Calculate the greatest common divisor of 14870 and 39566096.
2974
What is the greatest common factor of 85249 and 118721?
523
Calculate the greatest common factor of 8759534 and 26894.
1582
Calculate the greatest common divisor of 96546446 and 859.
859
Calculate the greatest common factor of 174250690 and 2078.
2078
What is the highest common divisor of 1924288 and 54356?
428
Calculate the highest common divisor of 4731716 and 17732.
1364
Calculate the highest common divisor of 221 and 23667163.
13
Calculate the highest common divisor of 68598080 and 9920.
320
What is the highest common factor of 984 and 7871672?
328
Calculate the greatest common factor of 3025914 and 4068.
678
What is the highest common divisor of 16875 and 2157525?
225
Calculate the greatest common factor of 668815 and 7880.
985
Calculate the greatest common divisor of 5063754 and 5373.
597
Calculate the highest common divisor of 3654 and 19417878.
522
What is the highest common divisor of 278 and 9410717?
139
Calculate the greatest common factor of 21910 and 116749.
313
Calculate the highest common divisor of 40170 and 1022775.
195
Calculate the greatest common factor of 3883397 and 8036.
2009
Calculate the greatest common factor of 20198868 and 300.
12
What is the highest common factor of 27446172 and 507?
39
What is the greatest common divisor of 705940 and 5280?
20
What is the greatest common divisor of 1117201 and 10793?
251
What is the highest common divisor of 1841032 and 119?
17
Calculate the highest common divisor of 8770580 and 9100.
1820
What is the greatest common factor of 86941548 and 126?
18
Calculate the greatest common factor of 105228 and 68414.
158
Calculate the highest common factor of 89838 and 12121.
713
What is the greatest common divisor of 83171568 and 712?
712
What is the highest common divisor of 3716239 and 632?
79
Calculate the greatest common factor of 24093696 and 11.
11
What is the highest common divisor of 7350 and 26560275?
525
What is the greatest common factor of 374829850 and 115?
115
What is the highest common factor of 2048 and 33995776?
1024
What is the greatest common divisor of 98846 and 49852?
22
Calculate the greatest common factor of 10311220 and 1364.
124
Calculate the highest common factor of 691472 and 15778.
46
What is the greatest common divisor of 284279208 and 17184?
4296
Calculate the highest common factor of 6864 and 25329954.
78
Calculate the highest common factor of 3018048 and 63360.
2112
Calculate the greatest common divisor of 14531 and 8646.
11
Calculate the greatest common factor of 14023 and 423368393.
14023
What is the highest common factor of 25970 and 28280?
70
Calculate the highest common divisor of 142 and 962218.
2
Calculate the highest common divisor of 53053044 and 132.
132
What is the greatest common divisor of 3002608 and 3486?
1162
What is the greatest common factor of 3018897 and 53487?
189
What is the greatest common factor of 1372709 and 3887?
299
Calculate the highest common divisor of 9815 and 35139.
13
What is the highest common factor of 8863160 and 200?
40
What is the greatest common factor of 137250 and 101943?
9
Calculate the highest common divisor of 3760 and 2074815.
235
Calculate the greatest common factor of 8960553 and 15876.
63
Calculate the highest common divisor of 22 and 28584182.
22
What is the greatest common divisor of 918 and 91002?
6
What is the highest common factor of 70846114 and 18394?
1082
Calculate the greatest common divisor of 8417487 and 234.
39
What is the highest common divisor of 517 and 7413874?
47
Calculate the greatest common divisor of 9977761 and 69425.
2777
What is the highest common factor of 1969 and 37499?
11
Calculate the highest common divisor of 30 and 153030370.
10
What is the highest common factor of 25696 and 43168?
32
Calculate the greatest common divisor of 968295 and 60.
15
What is the highest common factor of 835894236 and 24?
12
Calculate the highest common divisor of 24050 and 32241430.
4810
Calculate the greatest common factor of 188665417 and 1052.
263
What is the highest common factor of 5424588 and 98892?
2412
What is the highest common factor of 22794 and 925448?
58
Calculate the highest common divisor of 231768767 and 4364.
1091
What is the greatest common divisor of 390 and 35077575?
195
Calculate the highest common factor of 653720 and 110920.
2360
Calculate the greatest common divisor of 6482 and 4550.
14
What is the highest common factor of 314556 and 2112?
132
What is the greatest common divisor of 7021922 and 19982?
206
What is the highest common factor of 5134134 and 73163?
3181
Calculate the greatest common divisor of 1120 and 523168.
32
Calculate the highest common divisor of 11725445 and 75.
5
What is the greatest common factor of 264 and 130763688?
264
What is the greatest common factor of 50077953 and 27?
27
Calculate the highest common factor of 1355612 and 20.
4
Calculate the greatest common divisor of 82 and 4379825.
41
Calculate the highest common factor of 342 and 8944554.
114
What is the greatest common factor of 104034 and 336?
42
What is the highest common factor of 61971907 and 515?
103
Calculate the greatest common factor of 5207 and 17948021.
127
Calculate the highest common factor of 404614438 and 174.
58
Calculate the highest common divisor of 1809 and 585848.
67
What is the highest common factor of 115 and 1037783?
23
Calculate the highest common factor of 27 and 1024362.
9
Calculate the greatest common factor of 3857959 and 6128.
383
Calculate the highest common divisor of 85880 and 91960.
760
What is the highest common divisor of 11 and 11882035?
11
Calculate the greatest common divisor of 2576 and 496363.
161
What is the highest common divisor of 1439536 and 1456?
112
Calculate the highest common divisor of 3864033915 and 735.
735
Calculate the highest common divisor of 8718462 and 54.
54
Calculate the greatest common divisor of 3044 and 75406729.
761
Calculate the greatest common factor of 22529 and 418769.
13
What is the greatest common divisor of 10556 and 1579032?
364
Calculate the highest common divisor of 9827100 and 3300.
300
What is the highest common divisor of 380744 and 1980601?
3661
What is the greatest common factor of 202649 and 21793?
37
Calculate the greatest common divisor of 120234 and 8596040.
1382
What is the highest common factor of 34 and 35362074?
34
Calculate the highest common factor of 392754 and 462233.
67
Calculate the highest common divisor of 59221583 and 2611.
373
What is the highest common divisor of 1376 and 10055335?
43
Calculate the greatest common divisor of 8537863 and 8603.
1229
What is the highest common divisor of 32955 and 1135745?
65
Calculate the greatest common divisor of 1725305050 and 2225.
2225
What is the greatest common factor of 18 and 19080774?
18
Calculate the highest common factor of 86499945 and 20.
5
Calculate the greatest common divisor of 8155208 and 2512.
1256
What is the highest common divisor of 98 and 21705089?
49
Calculate the highest common divisor of 21141 and 5018031.
81
Calculate the greatest common divisor of 1224 and 516069.
153
Calculate the highest common factor of 589 and 119807312.
589
What is the highest common divisor of 250 and 70994930?
10
What is the greatest common divisor of 11216574 and 3401?
19
Calculate the greatest common divisor of 24322410 and 756.
378
Calculate the highest common divisor of 128352 and 16086.
42
What is the greatest common factor of 21 and 215754819?
21
What is the highest common factor of 31959305 and 69?
23
What is the greatest common factor of 4944973 and 22?
11
What is the greatest common divisor of 4491564447 and 7473?
7473
Calculate the highest common divisor of 4463333